
-16
What is the value of 111 + (-199 - -78) - (1 + 0 + -14)?
3
Calculate 26 + (-83 - -47) + -5 + 20.
5
What is (2 - 153) + (-29 - 7) + (-167 - -215)?
-139
Calculate (27 - -1 - (10 + 0)) + 5.
23
What is -14 + (0 - 1) + (151 - (-275 - -385))?
26
-4 - (1 + -3 + -5 + 2 + -2 + 5)
-2
What is 0 - 1 - -9 - ((59 - 10 - 16) + 53)?
-78
Calculate -13 + -49 + (-33 + 47 - (31 - 0)).
-79
What is 6 + 1 + -9 - 2 - (2 - (-5 - -58))?
47
Evaluate -4 - (30 - (10 - 0)).
-24
Evaluate (-3 - -17 - 3 - (-104 - -31)) + -2.
82
What is -87 + 59 + (6 - -4) + -2 + 0?
-20
What is 26531 + -26447 + (0 - 76)?
8
What is -53 + (6 - 11 - ((-9 - -2) + 13)) + 3?
-61
(10 - 2 - (-14 - 20 - -22)) + -2
18
Calculate -12 + 15 + 11 + -29 + 30 - 42.
-27
-2 - (-73 - (-112 - -46) - (78 - -2))
85
Calculate -2 - (17 + 6 + -28) - 23.
-20
What is the value of (132 - 51) + -3 + -29?
49
What is -13 + 9 + 66 + -31?
31
-27 - (-54 + 35 - (-3 + 33))
22
What is the value of (2 - 4) + 9 + -19 - -18?
6
(51 - 41 - -25) + -27
8
What is the value of -84 - -71 - (-4 + -5 + (-10 - -19))?
-13
What is the value of 201 + (-26 + -90 - -37)?
122
Calculate -4 + 1 - ((-6 - 5) + -38 + -22 + 24).
44
What is -42 - ((-20 - -31) + -13) - 5?
-45
Evaluate -12 + (39 - (-14 + -47)).
88
-2 - (-52 - -59 - (3 + -5 + -1))
-12
What is 53 + -16 + (-2 - -3) - (35 - 24)?
27
Evaluate 54 + -11 + (-40 - -18).
21
Evaluate (-275 - -134 - -106) + 60.
25
What is (86 - 91) + 10 + -10?
-5
What is the value of (-1 - -63) + (-89 - (39 - 131))?
65
What is -11 + 0 + (-9 + -7 - -8) + -8 + 126?
99
Evaluate -6 + 9 + (287 - 267 - (6 + 1)) + 11.
27
Evaluate (-130 - -53) + 12 - -66.
1
What is the value of -9 - (-7 - -1 - (77 + (16 - -20)) - -10)?
100
4 + 2 + 11 + 3 + 12 + -22
10
What is the value of (19 - -11) + -45 - (0 + 3) - -86?
68
(-14 + 39 - (-57 + 18)) + -18
46
-14 - 1 - (-1 + (44 - 65))
7
What is (41 - 91) + 37 - ((1 - 16) + 2)?
0
-9 - (-38 + 57 - (64 - -2))
38
Calculate -72 - (178 + -281) - (0 + -22).
53
What is 46 - (23 - (-21 + 27 - -10))?
39
What is 29 - (-4 - (-4 - (0 - (-2 - 1) - -1)))?
25
What is 67 + -24 + 28 + -18 - -6 - (-15 - 0)?
74
What is 16 + 0 + 2 + (21 - 1)?
38
Evaluate 17 + -3 - (3 + 0 + (-5 - (29 + -21))).
24
What is 4 + (-5 - -3) - 51 - (-10 + 3)?
-42
What is the value of 330 - 251 - ((-20 - (-8 + 4)) + 7)?
88
What is the value of -4 - (-36 + 68) - -42?
6
Calculate (-3 + 64 - (394 + -353)) + 20.
40
(-53005 - -53018) + 1 + (0 - 0 - 80)
-66
581 + -569 - (-14 - -6)
20
Evaluate (-55 - (-6 - 42) - (-4 + 2 + -54)) + -11.
38
Calculate (55 - 1) + 3 + (-7 - ((36 - 25) + -9)).
48
7 + 123 + (-52 - 2)
76
Calculate (-8 - (-19 - (-3 + -10))) + 45.
43
What is the value of -2 + (3 + 10 - (6 - 1) - (-55 + 62))?
-1
Calculate -12 - (0 + 5 + 0 - (24 - -10)).
17
-58 + 6 + 20 + 24 + 2 + 18
12
Evaluate 2371 + -2244 - (1 + 44).
82
(-4 - 20) + (-12 - 15) + 30
-21
What is the value of -20 + (-80 - (-6 + -2 + 12 - 4))?
-100
What is -85 - (1 + (-2 - 7)) - (-12 - (-4 - -2))?
-67
What is the value of 48 - (1 + -52 + 98)?
1
Evaluate (13 - (7 - -15)) + 12 + 81.
84
-2 + 0 - (690 + -721)
29
Calculate 52 + (1 + -30 + 2 - (150 + (-278 - -117))).
36
Calculate 5 + 23 + (50 - 33).
45
Evaluate 6 - (85 - (84 + -113)).
-108
Calculate 5 + ((0 - 29) + (27 - 86) + 46 - 8).
-45
Calculate 103 + 10 - 43 - 26.
44
61 - (113 + -61) - (3 + 0 + -79 + -3)
88
Calculate (-6 - (8 + 1)) + -160 + 152.
-23
Calculate 158 + -60 - 76 - -53.
75
(1 - 18) + -6 + 37 + 37
51
Calculate (-4 - 1) + -3 + -4 + (93 - 98) + 6.
-11
-190 - -72 - (-62 + 73)
-129
-5 + -9 + -3 + (-27 - (-7 + 10))
-47
What is the value of 331 - 328 - (1 - 7)?
9
3 + -10 + 6 - (1 - -1 - 112)
109
Calculate -40 - (-72 + (-27 - -19)) - (17 + -2 + 0).
25
Evaluate (62 - 149) + 15 + 26.
-46
What is 26 + (12 + 5 - -73)?
116
-2 - (-19 - -10) - (58 - (0 + 24))
-27
163 + -288 + (1 - -55)
-69
What is 4 + ((44 - (3 + -6)) + 13 + 6 - -12)?
82
What is (-5027 - -4980) + 3 + 87?
43
Evaluate 63 + 67 + -127 - (2 + 56).
-55
What is the value of 3 - 93 - ((7 - 19) + -18)?
-60
What is (1 - 12) + (100 - 89) - (-6 + -1)?
7
13 + 2 - (-56 - -39 - -81)
-49
Calculate (-6 - -6 - 11) + (-66 - -122).
45
Evaluate 20 - (14 - -1 - (14 - (-14 - -6 - -14))).
13
7 + 21 + -2 + 33 + 93 + -73
79
-63 + 158 - (20 + 0) - 41
34
What is -3217 + 3179 + (3 - -1) - 16?
-50
190 + -122 + -148 + (-10 - 1 - -1)
-90
0 + -16 + -21 + 43 + -17 + 121 + 2
112
Evaluate -14 + 248 + -144 - (-2 - -2).
90
Calculate 28 - (15 - (4 + 13 - (98 + -96))).
28
6475 - 6552 - (1 + -28)
-50
Evaluate (-81 - -6) + -10 + (-71 - -71) - -2.
-83
What is (-8 - -138) + (-1836 - -1713)?
7
-79 - (-31 + (43 - (46 - 24)))
-69
Calculate 30 + (3 - -4 - -2) + -14 + 6.
31
What is the value of 0 + 19 + (-33 - -25)?
11
What is (-16 - (1 - 1)) + (126 - (114 + (-74 - -9)))?
61
What is the value of -13 - (-154 + (-1 - 7)) - 33?
116
2 + 7 + -8 + 3 - (24 - 60)
40
Calculate -2 + -10 - (-21 + 23 - -20).
-34
What is 7 + (-61 - -41) + 21 + 0 + 8?
16
Evaluate -32 + -2 + 25 + -13.
-22
What is the value of (-88 - (8 + -13)) + -46 + (4 - -57)?
-68
What is 7 - (0 + (-4 - -1) + 5) - -2 - 71?
-64
What is -54 + 5 + -20 + 45 + -31 + (-6 - -1)?
-60
What is 3 + 9 - (-54 - -76) - (-7 + 35)?
-38
Evaluate 8 + (3 + -11 - (31 - (2 + -14))).
-43
Calculate (7 - (20 + 2)) + 52 + -20.
17
Evaluate -15 + (20 - ((-19 - -39) + -5)).
-10
15 - (51 - (-23 - -16) - 6)
-37
What is 32 - (7 - (27 + -5) - -8 - -9)?
30
What is -93 + (27 - 13) + -28 + 13 + -13?
-107
Evaluate (5 - -16) + (-12 - 7) + 15 + -2.
15
Evaluate -83 - ((75 - 78) + -26).
-54
Calculate (15 - ((-101 - -106) + (1 - 4))) + -30.
-17
What is (-14 + -4 - -19) + 1 + -5 + (5 - 13)?
-11
Evaluate 7 + (-2 + 11 - -5 - (18 - 5)) + -85.
-77
Calculate -14 - (2 + 27 + -99).
56
Evaluate 5 - -8 - 5 - ((2 - 23) + -38).
67
What is 36 + 30 - (20 - 22)?
68
Evaluate -249 + 65 + 185 - (-2 - 0 - -79).
-76
Calculate (0 - 6) + 10 - 6 - (11 + 26) - -4.
-35
-5 - (-50 - -22 - -15 - -6 - (-5 - -2))
-1
Calculate -67 + 11 + 62 + (97 - -4 - -3).
110
What is -807 + 905 - (6 - 9 - ((3 - -1) + -3))?
102
What is (33 - 14 - (3 - -11)) + (45 + -12 - -5)?
43
What is (3 - (18 - (-5 + 10)) - 5) + (88 - -2)?
75
Evaluate (-8 - -6 - -1) + (-2 + 8 - 7 - -12).
10
What is 42 + (28 + -28 - 36) + 106?
112
Calculate (29 - (-43 - -26) - -11) + (10 - 1).
66
What is (-19 - -14) + (1 - 43 - -6)?
-41
Evaluate -36 + 15 + (3 - -15) - 54.
-57
(-3 - 18 - (-263 - -253)) + 20
9
Evaluate (35 - 30 - -27 - 19) + -93.
-80
What is (-103 - -158) + -56 - 53?
-54
What is the value of 4 + 12 + 76 + -49?
43
Calculate (-14 - 29) + 89 + -84 - (15 + 1).
-54
(-109 - -116 - (-11 + 2)) + -23 + 48
41
Calculate (-27 - (17 - 87)) + -19 + 8.
32
What is the value of 10 - (-8 + -1) - (-6 - 24)?
49
Calculate (-8 - -8) + 23 - (703 - 666).
-14
Calculate -3 - 13 - (39 + -32) - (2 + -4 + 14).
-35
Calculate 1 + 5 - (59 - 61) - (3 - -39 - -1).
-35
3 + -2 + 0 + -27 + 260 + -258
-24
Evaluate -24 - (-4 + -16) - (-4 + -2 - (-20 + 3)).
-15
Calculate (-5 - 6 - (-22 + 4)) + (6 + 1 - -1).
15
What is the value of 21 + 44 + 97 + -60?
102
96 - 5 - (-12 - (-8 + -8 + 16))
103
Evaluate (3 - (10 - 28)) + -2 + -4.
15
What is (19 - -73) + -32 + -29 - 29?
2
What is 40 + -76 + 5 + 10 + -8?
-29
(2 + 15 - (-58 - -40)) + -2
33
What is the value of -200 + -219 + 369 + 40 + -1?
-11
Calculate (4 - 2) + 16 + (-552 - -545).
11
Evaluate 0 + -39 - (-97 + 215 - 117).
-40
What is 6 - (6 - 11) - (-49 - 33 - (-6 + 7))?
94
What is -21 + -19 - -3 - -55?
18
Calculate -65 - 0 - (2713 - 2721).
-57
Evaluate (-54 + 102 - 20) + -68 - (1 + -18).
-23
Calculate 6 + (52 - (37 + -48 + 0 + 12)).
57
2 + -7 - (31 - 11 - 16) - 22
-31
25 - (-20 - (-20 - -13)) - -7
45
What is the value of (-4 - -5) + (8 - 8) + 6 + 11?
18
What is the value of -33 + 8 + (-10 - ((5 - (-9 + 7)) + -5))?
-37
Evaluate -1 - 36 - (12 + (65 - 28) + -39).
-47
What is the value of -58 + -1 + -298 + 296 + -4 + 24?
-41
Evaluate -93 + (-9 - (-74 + -47)).
19
What is the value of (34 - 28) + (0 + (2 - 0) - -2) - 35?
-25
What is (15 + -154 - -128) + -98?
-109
What is (1769 - 1766) + 19 + 0?
22
What is -11 + (-38 - -1 - (10 + -38 - -10))?
-30
5 - (19 - -112 - (-31 + 52))
-105
Calculate -6 + (15 - (-13 + 30) - -13) - (-2 + -28).
35
31 + 3 + (11 - 18 - 1) + 10 + -10
26
What is the value of -25 - (41 - (83 - (3 - -34)))?
-20
Evaluate (-10 - -2) + 4 - (5561 